CRAN Package Check Results for Package estimability

Last updated on 2021-10-18 23:49:30 CEST.

Flavor Version Tinstall Tcheck Ttotal Status Flags
r-devel-linux-x86_64-debian-clang 1.3 1.94 22.29 24.23 NOTE
r-devel-linux-x86_64-debian-gcc 1.3 1.43 17.60 19.03 NOTE
r-devel-linux-x86_64-fedora-clang 1.3 39.77 NOTE
r-devel-linux-x86_64-fedora-gcc 1.3 29.10 NOTE
r-devel-windows-x86_64 1.3 4.00 38.00 42.00 NOTE
r-devel-windows-x86_64-gcc10-UCRT 1.3 NOTE
r-patched-linux-x86_64 1.3 1.90 21.69 23.59 NOTE
r-patched-solaris-x86 1.3 45.00 NOTE
r-release-linux-x86_64 1.3 1.87 21.92 23.79 NOTE
r-release-macos-arm64 1.3 NOTE
r-release-macos-x86_64 1.3 NOTE
r-release-windows-ix86+x86_64 1.3 6.00 28.00 34.00 NOTE
r-oldrel-macos-x86_64 1.3 OK
r-oldrel-windows-ix86+x86_64 1.3 5.00 30.00 35.00 OK

Check Details

Version: 1.3
Check: LazyData
Result: NOTE
     'LazyData' is specified without a 'data' directory
Flavors: r-devel-linux-x86_64-debian-clang, r-devel-linux-x86_64-debian-gcc, r-devel-linux-x86_64-fedora-clang, r-devel-linux-x86_64-fedora-gcc, r-devel-windows-x86_64, r-devel-windows-x86_64-gcc10-UCRT, r-patched-linux-x86_64, r-patched-solaris-x86, r-release-linux-x86_64, r-release-macos-arm64, r-release-macos-x86_64, r-release-windows-ix86+x86_64