CRAN Package Check Results for Package esaps

Last updated on 2021-08-03 23:52:07 CEST.

Flavor Version Tinstall Tcheck Ttotal Status Flags
r-devel-linux-x86_64-debian-clang 0.1.0 2.64 22.85 25.49 NOTE
r-devel-linux-x86_64-debian-gcc 0.1.0 1.78 18.02 19.80 NOTE
r-devel-linux-x86_64-fedora-clang 0.1.0 38.99 NOTE
r-devel-linux-x86_64-fedora-gcc 0.1.0 29.01 NOTE
r-devel-windows-x86_64 0.1.0 15.00 38.00 53.00 NOTE
r-devel-windows-x86_64-gcc10-UCRT 0.1.0 NOTE
r-patched-linux-x86_64 0.1.0 2.41 22.33 24.74 NOTE
r-patched-solaris-x86 0.1.0 45.60 NOTE
r-release-linux-x86_64 0.1.0 2.30 22.15 24.45 NOTE
r-release-macos-arm64 0.1.0 NOTE
r-release-macos-x86_64 0.1.0 NOTE
r-release-windows-ix86+x86_64 0.1.0 6.00 40.00 46.00 NOTE
r-oldrel-macos-x86_64 0.1.0 OK
r-oldrel-windows-ix86+x86_64 0.1.0 4.00 38.00 42.00 OK

Check Details

Version: 0.1.0
Check: LazyData
Result: NOTE
     'LazyData' is specified without a 'data' directory
Flavors: r-devel-linux-x86_64-debian-clang, r-devel-linux-x86_64-debian-gcc, r-devel-linux-x86_64-fedora-clang, r-devel-linux-x86_64-fedora-gcc, r-devel-windows-x86_64, r-devel-windows-x86_64-gcc10-UCRT, r-patched-linux-x86_64, r-patched-solaris-x86, r-release-linux-x86_64, r-release-macos-arm64, r-release-macos-x86_64, r-release-windows-ix86+x86_64