CRAN Package Check Results for Package esaps

Last updated on 2024-07-21 00:56:16 CEST.

Flavor Version Tinstall Tcheck Ttotal Status Flags
r-devel-linux-x86_64-debian-clang 0.2.2 3.29 28.19 31.48 NOTE
r-devel-linux-x86_64-debian-gcc 0.2.2 2.30 20.94 23.24 NOTE
r-devel-linux-x86_64-fedora-clang 0.2.2 40.10 NOTE
r-devel-linux-x86_64-fedora-gcc 0.2.2 36.14 NOTE
r-devel-windows-x86_64 0.2.2 5.00 43.00 48.00 NOTE
r-patched-linux-x86_64 0.2.2 3.07 26.86 29.93 NOTE
r-release-linux-x86_64 0.2.2 2.12 27.02 29.14 NOTE
r-release-macos-arm64 0.2.2 18.00 NOTE
r-release-macos-x86_64 0.2.2 24.00 NOTE
r-release-windows-x86_64 0.2.2 4.00 44.00 48.00 NOTE
r-oldrel-macos-arm64 0.2.2 18.00 OK
r-oldrel-macos-x86_64 0.2.2 22.00 OK
r-oldrel-windows-x86_64 0.2.2 4.00 45.00 49.00 OK

Check Details

Version: 0.2.2
Check: Rd files
Result: NOTE checkRd: (-1) enp.Rd:30: Lost braces in \itemize; \value handles \item{}{} directly checkRd: (-1) enp.Rd:31: Lost braces in \itemize; \value handles \item{}{} directly checkRd: (-1) evolat.Rd:49: Lost braces in \itemize; \value handles \item{}{} directly checkRd: (-1) evolat.Rd:50: Lost braces in \itemize; \value handles \item{}{} directly checkRd: (-1) psns.Rd:37: Lost braces in \itemize; \value handles \item{}{} directly checkRd: (-1) psns.Rd:38: Lost braces in \itemize; \value handles \item{}{} directly Flavors: r-devel-linux-x86_64-debian-clang, r-devel-linux-x86_64-debian-gcc, r-devel-linux-x86_64-fedora-clang, r-devel-linux-x86_64-fedora-gcc, r-devel-windows-x86_64, r-patched-linux-x86_64, r-release-linux-x86_64, r-release-macos-arm64, r-release-macos-x86_64, r-release-windows-x86_64