CRAN Package Check Results for Package ergm

Last updated on 2021-11-26 23:50:00 CET.

Flavor Version Tinstall Tcheck Ttotal Status Flags
r-devel-linux-x86_64-debian-clang 4.1.2 70.90 543.83 614.73 OK
r-devel-linux-x86_64-debian-gcc 4.1.2 57.32 408.77 466.09 OK
r-devel-linux-x86_64-fedora-clang 4.1.2 756.97 NOTE
r-devel-linux-x86_64-fedora-gcc 4.1.2 773.74 OK
r-devel-windows-x86_64-new-UL 4.1.2 150.00 135.00 285.00 OK --no-examples --no-tests --no-vignettes
r-devel-windows-x86_64-new-TK 4.1.2 OK
r-devel-windows-x86_64-old 4.1.2 86.00 194.00 280.00 OK --no-examples --no-tests --no-vignettes
r-patched-linux-x86_64 4.1.2 77.96 522.33 600.29 OK
r-patched-solaris-x86 4.1.2 835.60 NOTE
r-release-linux-x86_64 4.1.2 OK
r-release-macos-arm64 4.1.2 NOTE
r-release-macos-x86_64 4.1.2 NOTE
r-release-windows-ix86+x86_64 4.1.2 197.00 155.00 352.00 NOTE --no-examples --no-tests --no-vignettes
r-oldrel-macos-x86_64 4.1.2 NOTE
r-oldrel-windows-ix86+x86_64 4.1.2 145.00 212.00 357.00 NOTE --no-examples --no-tests --no-vignettes

Check Details

Version: 4.1.2
Check: installed package size
Result: NOTE
     installed size is 6.9Mb
     sub-directories of 1Mb or more:
     R 1.1Mb
     doc 1.9Mb
     libs 2.7Mb
Flavors: r-devel-linux-x86_64-fedora-clang, r-patched-solaris-x86, r-release-macos-arm64, r-release-macos-x86_64, r-oldrel-macos-x86_64

Version: 4.1.2
Check: package dependencies
Result: NOTE
    Package suggested but not available for checking: ‘Rmpi’
Flavors: r-release-macos-arm64, r-release-macos-x86_64, r-oldrel-macos-x86_64

Version: 4.1.2
Flags: --no-examples --no-tests --no-vignettes
Check: installed package size
Result: NOTE
     installed size is 5.5Mb
     sub-directories of 1Mb or more:
     R 1.0Mb
     doc 1.9Mb
     libs 1.3Mb
Flavors: r-release-windows-ix86+x86_64, r-oldrel-windows-ix86+x86_64