CRAN Package Check Results for Package era

Last updated on 2024-06-13 00:55:12 CEST.

Flavor Version Tinstall Tcheck Ttotal Status Flags
r-devel-linux-x86_64-debian-clang 0.4.1 5.27 66.65 71.92 OK
r-devel-linux-x86_64-debian-gcc 0.4.1 0.38 1.68 2.06 ERROR
r-devel-linux-x86_64-fedora-clang 0.4.1 90.29 OK
r-devel-linux-x86_64-fedora-gcc 0.4.1 97.72 OK
r-devel-windows-x86_64 0.4.1 5.00 73.00 78.00 OK
r-patched-linux-x86_64 0.4.1 5.52 61.30 66.82 OK
r-release-linux-x86_64 0.4.1 4.82 64.79 69.61 OK
r-release-macos-arm64 0.4.1 35.00 OK
r-release-macos-x86_64 0.4.1 61.00 OK
r-release-windows-x86_64 0.4.1 6.00 68.00 74.00 OK
r-oldrel-macos-arm64 0.4.1 35.00 OK
r-oldrel-macos-x86_64 0.4.1 53.00 OK
r-oldrel-windows-x86_64 0.4.1 6.00 79.00 85.00 OK

Check Details

Version: 0.4.1
Check: package dependencies
Result: ERROR Packages required but not available: 'vctrs', 'pillar' Packages suggested but not available for checking: 'tibble', 'testthat', 'dplyr', 'purrr', 'tidyr', 'lubridate' See section ‘The DESCRIPTION file’ in the ‘Writing R Extensions’ manual. Flavor: r-devel-linux-x86_64-debian-gcc