CRAN Package Check Results for Package equate

Last updated on 2021-05-15 23:49:12 CEST.

Flavor Version Tinstall Tcheck Ttotal Status Flags
r-devel-linux-x86_64-debian-clang 2.0.7 4.91 97.98 102.89 NOTE
r-devel-linux-x86_64-debian-gcc 2.0.7 4.80 70.94 75.74 NOTE
r-devel-linux-x86_64-fedora-clang 2.0.7 132.07 NOTE
r-devel-linux-x86_64-fedora-gcc 2.0.7 117.59 NOTE
r-devel-windows-ix86+x86_64 2.0.7 11.00 90.00 101.00 NOTE
r-devel-windows-x86_64-gcc10-UCRT 2.0.7 NOTE
r-patched-linux-x86_64 2.0.7 5.72 93.43 99.15 NOTE
r-patched-solaris-x86 2.0.7 158.90 NOTE
r-release-linux-x86_64 2.0.7 5.71 92.02 97.73 NOTE
r-release-macos-x86_64 2.0.7 NOTE
r-release-windows-ix86+x86_64 2.0.7 10.00 85.00 95.00 NOTE
r-oldrel-macos-x86_64 2.0.7 NOTE
r-oldrel-windows-ix86+x86_64 2.0.7 9.00 125.00 134.00 NOTE

Check Details

Version: 2.0.7
Check: files in ‘vignettes’
Result: NOTE
    The following files contain a license that requires
    distribution of original sources:
     'upgreek.sty'
    Please ensure that you have complied with it.
Flavors: r-devel-linux-x86_64-debian-clang, r-devel-linux-x86_64-debian-gcc, r-devel-linux-x86_64-fedora-clang, r-devel-linux-x86_64-fedora-gcc, r-devel-windows-ix86+x86_64, r-devel-windows-x86_64-gcc10-UCRT, r-patched-linux-x86_64, r-patched-solaris-x86, r-release-linux-x86_64, r-release-macos-x86_64, r-release-windows-ix86+x86_64, r-oldrel-macos-x86_64, r-oldrel-windows-ix86+x86_64