CRAN Package Check Results for Package epr

Last updated on 2021-09-19 23:50:04 CEST.

Flavor Version Tinstall Tcheck Ttotal Status Flags
r-devel-linux-x86_64-debian-clang 3.0 12.28 100.14 112.42 OK
r-devel-linux-x86_64-debian-gcc 3.0 10.50 74.02 84.52 OK
r-devel-linux-x86_64-fedora-clang 3.0 138.93 OK
r-devel-linux-x86_64-fedora-gcc 3.0 126.36 OK
r-devel-windows-x86_64 3.0 13.00 88.00 101.00 OK
r-devel-windows-x86_64-gcc10-UCRT 3.0 ERROR
r-patched-linux-x86_64 3.0 10.75 94.36 105.11 OK
r-patched-solaris-x86 3.0 191.30 OK
r-release-linux-x86_64 3.0 9.08 93.07 102.15 OK
r-release-macos-arm64 3.0 OK
r-release-macos-x86_64 3.0 OK
r-release-windows-ix86+x86_64 3.0 28.00 90.00 118.00 OK
r-oldrel-macos-x86_64 3.0 OK
r-oldrel-windows-ix86+x86_64 3.0 27.00 90.00 117.00 OK

Check Details

Version: 3.0
Check: whether package can be installed
Result: WARN
    Found the following significant warnings:
     WARNING: installation-time patches will not be applied, could not get the patches index
Flavor: r-devel-windows-x86_64-gcc10-UCRT

Version: 3.0
Check: PDF version of manual
Result: WARN
    LaTeX errors when creating PDF version.
    This typically indicates Rd problems.
Flavor: r-devel-windows-x86_64-gcc10-UCRT

Version: 3.0
Check: PDF version of manual without hyperrefs or index
Result: ERROR
    Re-running with no redirection of stdout/stderr.
Flavor: r-devel-windows-x86_64-gcc10-UCRT