CRAN Package Check Results for Package epigraphdb

Last updated on 2021-06-22 23:50:31 CEST.

Flavor Version Tinstall Tcheck Ttotal Status Flags
r-devel-linux-x86_64-debian-clang 0.2.2 3.39 67.76 71.15 OK
r-devel-linux-x86_64-debian-gcc 0.2.2 2.48 52.48 54.96 OK
r-devel-linux-x86_64-fedora-clang 0.2.2 91.57 OK
r-devel-linux-x86_64-fedora-gcc 0.2.2 86.34 OK
r-devel-windows-x86_64 0.2.2 5.00 223.00 228.00 OK
r-devel-windows-x86_64-gcc10-UCRT 0.2.2 ERROR
r-patched-linux-x86_64 0.2.2 3.01 65.81 68.82 OK
r-patched-solaris-x86 0.2.2 122.60 OK
r-release-linux-x86_64 0.2.2 2.93 65.33 68.26 OK
r-release-macos-arm64 0.2.2 OK
r-release-macos-x86_64 0.2.2 OK
r-release-windows-ix86+x86_64 0.2.2 6.00 202.00 208.00 OK
r-oldrel-macos-x86_64 0.2.2 OK

Check Details

Version: 0.2.2
Check: package dependencies
Result: ERROR
    Package required but not available: 'httr'
    
    Packages suggested but not available for checking:
     'devtools', 'usethis', 'pkgdown', 'lintr', 'covr'
    
    See section 'The DESCRIPTION file' in the 'Writing R Extensions'
    manual.
Flavor: r-devel-windows-x86_64-gcc10-UCRT