CRAN Package Check Results for Package epicontacts

Last updated on 2021-10-24 23:51:46 CEST.

Flavor Version Tinstall Tcheck Ttotal Status Flags
r-devel-linux-x86_64-debian-clang 1.1.2 3.85 53.07 56.92 OK
r-devel-linux-x86_64-debian-gcc 1.1.2 2.84 41.27 44.11 OK
r-devel-linux-x86_64-fedora-clang 1.1.2 80.30 NOTE
r-devel-linux-x86_64-fedora-gcc 1.1.2 68.28 NOTE
r-devel-windows-x86_64 1.1.2 7.00 85.00 92.00 OK
r-devel-windows-x86_64-gcc10-UCRT 1.1.2 NOTE
r-patched-linux-x86_64 1.1.0 3.85 51.34 55.19 NOTE
r-patched-solaris-x86 1.1.2 89.90 NOTE
r-release-linux-x86_64 1.1.2 4.04 52.52 56.56 OK
r-release-macos-arm64 1.1.0 NOTE
r-release-macos-x86_64 1.1.2 NOTE
r-release-windows-ix86+x86_64 1.1.0 8.00 70.00 78.00 NOTE
r-oldrel-macos-x86_64 1.1.2 NOTE
r-oldrel-windows-ix86+x86_64 1.1.2 5.00 61.00 66.00 OK

Check Details

Version: 1.1.2
Check: dependencies in R code
Result: NOTE
    Namespace in Imports field not imported from: ‘colorspace’
     All declared Imports should be used.
Flavors: r-devel-linux-x86_64-fedora-clang, r-devel-linux-x86_64-fedora-gcc, r-devel-windows-x86_64-gcc10-UCRT, r-patched-solaris-x86, r-release-macos-x86_64, r-oldrel-macos-x86_64

Version: 1.1.0
Check: LazyData
Result: NOTE
     'LazyData' is specified without a 'data' directory
Flavors: r-patched-linux-x86_64, r-release-macos-arm64, r-release-windows-ix86+x86_64

Version: 1.1.0
Check: dependencies in R code
Result: NOTE
    Namespace in Imports field not imported from: ‘colorspace’
     All declared Imports should be used.
Flavor: r-release-macos-arm64