CRAN Package Check Results for Package envoutliers

Last updated on 2021-09-24 23:53:46 CEST.

Flavor Version Tinstall Tcheck Ttotal Status Flags
r-devel-linux-x86_64-debian-clang 1.1.0 11.15 103.90 115.05 NOTE
r-devel-linux-x86_64-debian-gcc 1.1.0 9.90 76.81 86.71 NOTE
r-devel-linux-x86_64-fedora-clang 1.1.0 146.47 NOTE
r-devel-linux-x86_64-fedora-gcc 1.1.0 132.17 NOTE
r-devel-windows-x86_64 1.1.0 15.00 94.00 109.00 NOTE
r-devel-windows-x86_64-gcc10-UCRT 1.1.0 NOTE
r-patched-linux-x86_64 1.1.0 11.57 96.53 108.10 NOTE
r-patched-solaris-x86 1.1.0 195.70 NOTE
r-release-linux-x86_64 1.1.0 11.54 97.32 108.86 NOTE
r-release-macos-arm64 1.1.0 NOTE
r-release-macos-x86_64 1.1.0 NOTE
r-release-windows-ix86+x86_64 1.1.0 31.00 96.00 127.00 NOTE
r-oldrel-macos-x86_64 1.1.0 OK
r-oldrel-windows-ix86+x86_64 1.1.0 21.00 95.00 116.00 OK

Check Details

Version: 1.1.0
Check: LazyData
Result: NOTE
     'LazyData' is specified without a 'data' directory
Flavors: r-devel-linux-x86_64-debian-clang, r-devel-linux-x86_64-debian-gcc, r-devel-linux-x86_64-fedora-clang, r-devel-linux-x86_64-fedora-gcc, r-devel-windows-x86_64, r-devel-windows-x86_64-gcc10-UCRT, r-patched-linux-x86_64, r-patched-solaris-x86, r-release-linux-x86_64, r-release-macos-arm64, r-release-macos-x86_64, r-release-windows-ix86+x86_64