CRAN Package Check Results for Package envalysis

Last updated on 2024-06-13 00:55:12 CEST.

Flavor Version Tinstall Tcheck Ttotal Status Flags
r-devel-linux-x86_64-debian-clang 0.7.0 11.24 144.91 156.15 OK
r-devel-linux-x86_64-debian-gcc 0.7.0 0.55 1.81 2.36 ERROR
r-devel-linux-x86_64-fedora-clang 0.7.0 197.79 OK
r-devel-linux-x86_64-fedora-gcc 0.7.0 195.20 OK
r-devel-windows-x86_64 0.7.0 12.00 116.00 128.00 OK
r-patched-linux-x86_64 0.7.0 10.29 136.91 147.20 OK
r-release-linux-x86_64 0.7.0 12.05 139.29 151.34 OK
r-release-macos-arm64 0.7.0 61.00 OK
r-release-macos-x86_64 0.7.0 96.00 OK
r-release-windows-x86_64 0.7.0 12.00 130.00 142.00 OK
r-oldrel-macos-arm64 0.7.0 71.00 OK
r-oldrel-macos-x86_64 0.7.0 144.00 OK
r-oldrel-windows-x86_64 0.7.0 16.00 142.00 158.00 OK

Check Details

Version: 0.7.0
Check: package dependencies
Result: ERROR Packages required but not available: 'drc', 'ggplot2' Packages suggested but not available for checking: 'testthat', 'tibble' See section ‘The DESCRIPTION file’ in the ‘Writing R Extensions’ manual. Flavor: r-devel-linux-x86_64-debian-gcc