CRAN Package Check Results for Package ensembleTax

Last updated on 2023-06-07 01:03:24 CEST.

Flavor Version Tinstall Tcheck Ttotal Status Flags
r-devel-linux-x86_64-debian-clang 1.1.1 5.26 61.56 66.82 OK
r-devel-linux-x86_64-debian-gcc 1.1.1 4.79 46.91 51.70 OK
r-devel-linux-x86_64-fedora-clang 1.1.1 87.26 NOTE
r-devel-linux-x86_64-fedora-gcc 1.1.1 99.30 NOTE
r-devel-windows-x86_64 1.1.1 9.00 71.00 80.00 OK
r-patched-linux-x86_64 1.1.1 5.85 58.80 64.65 OK
r-release-linux-x86_64 1.1.1 4.52 58.17 62.69 OK
r-release-macos-arm64 1.1.1 41.00 OK
r-release-macos-x86_64 1.1.1 52.00 OK
r-release-windows-x86_64 1.1.1 10.00 78.00 88.00 OK
r-oldrel-macos-arm64 1.1.1 35.00 NOTE
r-oldrel-macos-x86_64 1.1.1 52.00 NOTE
r-oldrel-windows-x86_64 1.1.1 10.00 82.00 92.00 OK

Check Details

Version: 1.1.1
Check: dependencies in R code
Result: NOTE
    Namespaces in Imports field not imported from:
     ‘Biostrings’ ‘DECIPHER’ ‘ggplot2’ ‘reshape2’ ‘usethis’
     All declared Imports should be used.
Flavors: r-devel-linux-x86_64-fedora-clang, r-devel-linux-x86_64-fedora-gcc, r-oldrel-macos-arm64, r-oldrel-macos-x86_64