CRAN Package Check Results for Package enpls

Last updated on 2021-08-03 23:52:06 CEST.

Flavor Version Tinstall Tcheck Ttotal Status Flags
r-devel-linux-x86_64-debian-clang 6.1 8.14 214.50 222.64 OK
r-devel-linux-x86_64-debian-gcc 6.1 7.54 162.34 169.88 OK
r-devel-linux-x86_64-fedora-clang 6.1 266.80 OK
r-devel-linux-x86_64-fedora-gcc 6.1 264.20 OK
r-devel-windows-x86_64 6.1 12.00 259.00 271.00 OK
r-devel-windows-x86_64-gcc10-UCRT 6.1 OK
r-patched-linux-x86_64 6.1 8.90 208.15 217.05 OK
r-patched-solaris-x86 6.1 424.20 OK
r-release-linux-x86_64 6.1 8.04 207.24 215.28 OK
r-release-macos-arm64 6.1 WARN
r-release-macos-x86_64 6.1 OK
r-release-windows-ix86+x86_64 6.1 22.00 257.00 279.00 OK
r-oldrel-macos-x86_64 6.1 OK
r-oldrel-windows-ix86+x86_64 6.1 27.00 260.00 287.00 OK

Check Details

Version: 6.1
Check: re-building of vignette outputs
Result: WARN
    Error(s) in re-building vignettes:
     ...
    --- re-building ‘enpls.Rmd’ using rmarkdown
    Warning in engine$weave(file, quiet = quiet, encoding = enc) :
     Pandoc (>= 1.12.3) not available. Falling back to R Markdown v1.
    Quitting from lines 65-76 (enpls.Rmd)
    Error: processing vignette 'enpls.Rmd' failed with diagnostics:
    polygon edge not found
    --- failed re-building ‘enpls.Rmd’
    
    SUMMARY: processing the following file failed:
     ‘enpls.Rmd’
    
    Error: Vignette re-building failed.
    Execution halted
Flavor: r-release-macos-arm64