CRAN Package Check Results for Package emdbook

Last updated on 2022-01-19 23:48:57 CET.

Flavor Version Tinstall Tcheck Ttotal Status Flags
r-devel-linux-x86_64-debian-clang 1.3.12 OK
r-devel-linux-x86_64-debian-gcc 1.3.12 9.56 74.88 84.44 OK
r-devel-linux-x86_64-fedora-clang 1.3.12 127.73 NOTE
r-devel-linux-x86_64-fedora-gcc 1.3.12 116.17 OK
r-devel-windows-x86_64-new-UL 1.3.12 67.00 120.00 187.00 OK
r-devel-windows-x86_64-new-TK 1.3.12 OK
r-patched-linux-x86_64 1.3.12 14.19 92.31 106.50 OK
r-release-linux-x86_64 1.3.12 OK
r-release-macos-arm64 1.3.12 NOTE
r-release-macos-x86_64 1.3.12 OK
r-release-windows-ix86+x86_64 1.3.12 23.00 112.00 135.00 OK
r-oldrel-macos-x86_64 1.3.12 OK
r-oldrel-windows-ix86+x86_64 1.3.12 22.00 113.00 135.00 OK

Check Details

Version: 1.3.12
Check: Rd cross-references
Result: NOTE
    Undeclared package ‘mvtnorm’ in Rd xrefs
Flavor: r-devel-linux-x86_64-fedora-clang

Version: 1.3.12
Check: package dependencies
Result: NOTE
    Package suggested but not available for checking: ‘R2jags’
Flavor: r-release-macos-arm64