CRAN Package Check Results for Package embryogrowth

Last updated on 2021-09-24 23:53:46 CEST.

Flavor Version Tinstall Tcheck Ttotal Status Flags
r-devel-linux-x86_64-debian-clang 8.2 24.10 122.59 146.69 OK
r-devel-linux-x86_64-debian-gcc 8.2 16.31 91.99 108.30 OK
r-devel-linux-x86_64-fedora-clang 8.2 184.58 NOTE
r-devel-linux-x86_64-fedora-gcc 8.2 179.22 NOTE
r-devel-windows-x86_64 8.2 23.00 113.00 136.00 OK
r-devel-windows-x86_64-gcc10-UCRT 8.2 NOTE
r-patched-linux-x86_64 8.2 22.07 116.67 138.74 OK
r-patched-solaris-x86 8.2 232.20 NOTE
r-release-linux-x86_64 8.2 19.55 116.94 136.49 OK
r-release-macos-arm64 8.2 NOTE
r-release-macos-x86_64 8.2 NOTE
r-release-windows-ix86+x86_64 8.2 36.00 130.00 166.00 OK
r-oldrel-macos-x86_64 8.2 NOTE
r-oldrel-windows-ix86+x86_64 8.2 35.00 132.00 167.00 OK

Check Details

Version: 8.2
Check: data for non-ASCII characters
Result: NOTE
     Note: found 62 marked UTF-8 strings
Flavors: r-devel-linux-x86_64-fedora-clang, r-devel-linux-x86_64-fedora-gcc, r-devel-windows-x86_64-gcc10-UCRT, r-patched-solaris-x86, r-release-macos-arm64, r-release-macos-x86_64, r-oldrel-macos-x86_64