Last updated on 2023-02-08 00:03:23 CET.
Flavor | Version | Tinstall | Tcheck | Ttotal | Status | Flags |
---|---|---|---|---|---|---|
r-devel-linux-x86_64-debian-clang | 0.2.2 | 133.63 | 31.19 | 164.82 | NOTE | |
r-devel-linux-x86_64-debian-gcc | 0.2.2 | 114.51 | 29.73 | 144.24 | NOTE | |
r-devel-linux-x86_64-fedora-clang | 0.2.2 | 214.52 | NOTE | |||
r-devel-linux-x86_64-fedora-gcc | 0.2.2 | 260.62 | NOTE | |||
r-devel-windows-x86_64 | 0.2.2 | 127.00 | 99.00 | 226.00 | NOTE | |
r-patched-linux-x86_64 | 0.2.2 | 125.68 | 35.98 | 161.66 | OK | |
r-release-linux-x86_64 | 0.2.2 | 125.42 | 37.26 | 162.68 | OK | |
r-release-macos-arm64 | 0.2.2 | 65.00 | NOTE | |||
r-release-macos-x86_64 | 0.2.2 | 83.00 | NOTE | |||
r-release-windows-x86_64 | 0.2.2 | 140.00 | 97.00 | 237.00 | OK | |
r-oldrel-macos-arm64 | 0.2.2 | 68.00 | NOTE | |||
r-oldrel-macos-x86_64 | 0.2.2 | 93.00 | NOTE | |||
r-oldrel-windows-ix86+x86_64 | 0.2.2 | 285.00 | 88.00 | 373.00 | OK |
Version: 0.2.2
Check: C++ specification
Result: NOTE
Specified C++14: please update to current default of C++17
Flavors: r-devel-linux-x86_64-debian-clang, r-devel-linux-x86_64-debian-gcc
Version: 0.2.2
Check: C++ specification
Result: NOTE
Specified C++14: please drop specification unless essential
Flavors: r-devel-linux-x86_64-fedora-clang, r-devel-linux-x86_64-fedora-gcc
Version: 0.2.2
Check: C++ specification
Result: NOTE
Specified C++11: please update to current default of C++17
Flavor: r-devel-windows-x86_64
Version: 0.2.2
Check: installed package size
Result: NOTE
installed size is 47.2Mb
sub-directories of 1Mb or more:
libs 46.2Mb
Flavors: r-release-macos-arm64, r-release-macos-x86_64, r-oldrel-macos-arm64, r-oldrel-macos-x86_64