CRAN Package Check Results for Package eia

Last updated on 2021-10-21 23:50:09 CEST.

Flavor Version Tinstall Tcheck Ttotal Status Flags
r-devel-linux-x86_64-debian-clang 0.3.7 4.52 43.99 48.51 NOTE
r-devel-linux-x86_64-debian-gcc 0.3.7 3.42 33.44 36.86 NOTE
r-devel-linux-x86_64-fedora-clang 0.3.7 68.47 NOTE
r-devel-linux-x86_64-fedora-gcc 0.3.7 56.36 NOTE
r-devel-windows-x86_64 0.3.7 7.00 75.00 82.00 NOTE
r-devel-windows-x86_64-gcc10-UCRT 0.3.7 NOTE
r-patched-linux-x86_64 0.3.7 4.13 43.31 47.44 NOTE
r-patched-solaris-x86 0.3.7 88.20 NOTE
r-release-linux-x86_64 0.3.7 3.94 43.62 47.56 NOTE
r-release-macos-arm64 0.3.7 NOTE
r-release-macos-x86_64 0.3.7 NOTE
r-release-windows-ix86+x86_64 0.3.7 12.00 74.00 86.00 NOTE
r-oldrel-macos-x86_64 0.3.7 OK
r-oldrel-windows-ix86+x86_64 0.3.7 10.00 71.00 81.00 OK

Check Details

Version: 0.3.7
Check: LazyData
Result: NOTE
     'LazyData' is specified without a 'data' directory
Flavors: r-devel-linux-x86_64-debian-clang, r-devel-linux-x86_64-debian-gcc, r-devel-linux-x86_64-fedora-clang, r-devel-linux-x86_64-fedora-gcc, r-devel-windows-x86_64, r-devel-windows-x86_64-gcc10-UCRT, r-patched-linux-x86_64, r-patched-solaris-x86, r-release-linux-x86_64, r-release-macos-arm64, r-release-macos-x86_64, r-release-windows-ix86+x86_64