CRAN Package Check Results for Package eggCounts

Last updated on 2021-12-02 23:51:05 CET.

Flavor Version Tinstall Tcheck Ttotal Status Flags
r-devel-linux-x86_64-debian-clang 2.3-1 807.01 150.06 957.07 NOTE
r-devel-linux-x86_64-debian-gcc 2.3-1 695.65 145.82 841.47 NOTE
r-devel-linux-x86_64-fedora-clang 2.3-1 1424.15 NOTE
r-devel-linux-x86_64-fedora-gcc 2.3-1 1549.10 NOTE
r-devel-windows-x86_64-new-UL 2.3-1 970.00 418.00 1388.00 NOTE
r-devel-windows-x86_64-new-TK 2.3-1 NOTE
r-devel-windows-x86_64-old 2.3-1 972.00 285.00 1257.00 NOTE
r-patched-linux-x86_64 2.3-1 665.46 184.07 849.53 NOTE
r-patched-solaris-x86 2.3-1 1396.70 NOTE
r-release-linux-x86_64 2.3-1 781.20 183.93 965.13 NOTE
r-release-macos-arm64 2.3-1 NOTE
r-release-macos-x86_64 2.3-1 NOTE
r-release-windows-ix86+x86_64 2.3-1 1895.00 351.00 2246.00 NOTE
r-oldrel-macos-x86_64 2.3-1 NOTE
r-oldrel-windows-ix86+x86_64 2.3-1 1306.00 9.00 1315.00 ERROR

Check Details

Version: 2.3-1
Check: package dependencies
Result: NOTE
    Package suggested but not available for checking: 'eggCountsExtra'
Flavors: r-devel-linux-x86_64-debian-clang, r-devel-linux-x86_64-debian-gcc, r-devel-linux-x86_64-fedora-clang, r-devel-linux-x86_64-fedora-gcc, r-devel-windows-x86_64-new-UL, r-devel-windows-x86_64-new-TK, r-devel-windows-x86_64-old, r-patched-linux-x86_64, r-patched-solaris-x86, r-release-linux-x86_64, r-release-macos-arm64, r-release-macos-x86_64, r-release-windows-ix86+x86_64, r-oldrel-macos-x86_64, r-oldrel-windows-ix86+x86_64

Version: 2.3-1
Check: for GNU extensions in Makefiles
Result: NOTE
    GNU make is a SystemRequirements.
Flavors: r-devel-linux-x86_64-debian-clang, r-devel-linux-x86_64-debian-gcc, r-devel-linux-x86_64-fedora-clang, r-devel-linux-x86_64-fedora-gcc, r-devel-windows-x86_64-new-UL, r-devel-windows-x86_64-new-TK, r-devel-windows-x86_64-old, r-patched-linux-x86_64, r-patched-solaris-x86, r-release-linux-x86_64, r-release-macos-arm64, r-release-macos-x86_64, r-release-windows-ix86+x86_64, r-oldrel-macos-x86_64

Version: 2.3-1
Check: installed package size
Result: NOTE
     installed size is 89.6Mb
     sub-directories of 1Mb or more:
     libs 88.8Mb
Flavors: r-devel-linux-x86_64-fedora-clang, r-devel-windows-x86_64-new-UL, r-devel-windows-x86_64-old, r-patched-solaris-x86, r-release-macos-arm64, r-release-macos-x86_64, r-release-windows-ix86+x86_64, r-oldrel-macos-x86_64

Version: 2.3-1
Check: dependencies in R code
Result: NOTE
    Namespace in Imports field not imported from: ‘rstantools’
     All declared Imports should be used.
Flavors: r-devel-linux-x86_64-fedora-clang, r-devel-linux-x86_64-fedora-gcc, r-devel-windows-x86_64-new-TK, r-patched-solaris-x86, r-release-macos-arm64, r-release-macos-x86_64, r-oldrel-macos-x86_64

Version: 2.3-1
Check: line endings in C/C++/Fortran sources/headers
Result: NOTE
    Found the following sources/headers with CR or CRLF line endings:
     src/stan_files/indefficacy.hpp
     src/stan_files/nb.hpp
     src/stan_files/paired.hpp
     src/stan_files/simple.hpp
     src/stan_files/unpaired.hpp
     src/stan_files/zinb.hpp
     src/stan_files/zipaired.hpp
     src/stan_files/ziunpaired.hpp
    Some Unix compilers require LF line endings.
Flavor: r-devel-windows-x86_64-new-TK

Version: 2.3-1
Check: whether package can be installed
Result: ERROR
    Installation failed.
Flavor: r-oldrel-windows-ix86+x86_64