CRAN Package Check Results for Package edgebundleR

Last updated on 2024-07-23 00:54:26 CEST.

Flavor Version Tinstall Tcheck Ttotal Status Flags
r-devel-linux-x86_64-debian-clang 0.1.4 4.46 39.59 44.05 NOTE
r-devel-linux-x86_64-debian-gcc 0.1.4 3.44 30.98 34.42 NOTE
r-devel-linux-x86_64-fedora-clang 0.1.4 55.53 NOTE
r-devel-linux-x86_64-fedora-gcc 0.1.4 53.36 NOTE
r-devel-windows-x86_64 0.1.4 7.00 51.00 58.00 NOTE
r-patched-linux-x86_64 0.1.4 4.05 38.18 42.23 NOTE
r-release-linux-x86_64 0.1.4 3.58 37.57 41.15 NOTE
r-release-macos-arm64 0.1.4 20.00 NOTE
r-release-macos-x86_64 0.1.4 29.00 NOTE
r-release-windows-x86_64 0.1.4 6.00 50.00 56.00 NOTE
r-oldrel-macos-arm64 0.1.4 22.00 NOTE
r-oldrel-macos-x86_64 0.1.4 31.00 NOTE
r-oldrel-windows-x86_64 0.1.4 7.00 56.00 63.00 NOTE

Check Details

Version: 0.1.4
Check: LazyData
Result: NOTE 'LazyData' is specified without a 'data' directory Flavors: r-devel-linux-x86_64-debian-clang, r-devel-linux-x86_64-debian-gcc, r-devel-linux-x86_64-fedora-clang, r-devel-linux-x86_64-fedora-gcc, r-devel-windows-x86_64, r-patched-linux-x86_64, r-release-linux-x86_64, r-release-macos-arm64, r-release-macos-x86_64, r-release-windows-x86_64, r-oldrel-macos-arm64, r-oldrel-macos-x86_64, r-oldrel-windows-x86_64