CRAN Package Check Results for Package eda4treeR

Last updated on 2021-10-27 23:50:23 CEST.

Flavor Version Tinstall Tcheck Ttotal Status Flags
r-devel-linux-x86_64-debian-clang 0.3.0 14.70 137.21 151.91 OK
r-devel-linux-x86_64-debian-gcc 0.3.0 13.17 102.27 115.44 OK
r-devel-linux-x86_64-fedora-clang 0.3.0 191.53 NOTE
r-devel-linux-x86_64-fedora-gcc 0.3.0 177.90 NOTE
r-devel-windows-x86_64 0.3.0 24.00 163.00 187.00 OK
r-devel-windows-x86_64-gcc10-UCRT 0.3.0 NOTE
r-patched-linux-x86_64 0.3.0 15.00 131.97 146.97 OK
r-patched-solaris-x86 0.3.0 262.20 NOTE
r-release-linux-x86_64 0.3.0 14.38 128.87 143.25 OK
r-release-macos-arm64 0.3.0 NOTE
r-release-macos-x86_64 0.3.0 NOTE
r-release-windows-ix86+x86_64 0.3.0 24.00 164.00 188.00 OK
r-oldrel-macos-x86_64 0.3.0 NOTE
r-oldrel-windows-ix86+x86_64 0.3.0 28.00 167.00 195.00 OK

Check Details

Version: 0.3.0
Check: dependencies in R code
Result: NOTE
    Namespaces in Imports field not imported from:
     ‘dae’ ‘dplyr’
     All declared Imports should be used.
Flavors: r-devel-linux-x86_64-fedora-clang, r-devel-linux-x86_64-fedora-gcc, r-devel-windows-x86_64-gcc10-UCRT, r-patched-solaris-x86, r-release-macos-arm64, r-release-macos-x86_64, r-oldrel-macos-x86_64