CRAN Package Check Results for Package ecan

Last updated on 2024-06-14 00:53:40 CEST.

Flavor Version Tinstall Tcheck Ttotal Status Flags
r-devel-linux-x86_64-debian-clang 0.2.1 3.00 41.83 44.83 OK
r-devel-linux-x86_64-debian-gcc 0.2.1 0.34 1.70 2.04 ERROR
r-devel-linux-x86_64-fedora-clang 0.2.1 57.05 OK
r-devel-linux-x86_64-fedora-gcc 0.2.1 52.46 OK
r-devel-windows-x86_64 0.2.1 4.00 53.00 57.00 OK
r-patched-linux-x86_64 0.2.1 3.77 40.00 43.77 OK
r-release-linux-x86_64 0.2.1 2.63 39.61 42.24 OK
r-release-macos-arm64 0.2.1 23.00 OK
r-release-macos-x86_64 0.2.1 31.00 OK
r-release-windows-x86_64 0.2.1 4.00 53.00 57.00 OK
r-oldrel-macos-arm64 0.2.1 22.00 OK
r-oldrel-macos-x86_64 0.2.1 46.00 OK
r-oldrel-windows-x86_64 0.2.1 6.00 60.00 66.00 OK

Check Details

Version: 0.2.1
Check: package dependencies
Result: ERROR Packages required but not available: 'dendextend', 'dplyr', 'ggplot2', 'purrr', 'stringr', 'tibble', 'tidyr' Packages suggested but not available for checking: 'ggdendro', 'testthat' See section ‘The DESCRIPTION file’ in the ‘Writing R Extensions’ manual. Flavor: r-devel-linux-x86_64-debian-gcc