CRAN Package Check Results for Package easylabel

Last updated on 2022-01-21 23:48:45 CET.

Flavor Version Tinstall Tcheck Ttotal Status Flags
r-devel-linux-x86_64-debian-clang 0.2.4 11.58 103.61 115.19 OK
r-devel-linux-x86_64-debian-gcc 0.2.4 8.64 75.07 83.71 OK
r-devel-linux-x86_64-fedora-clang 0.2.4 132.00 OK
r-devel-linux-x86_64-fedora-gcc 0.2.4 119.51 OK
r-devel-windows-x86_64-new-UL 0.2.4 40.00 147.00 187.00 OK
r-devel-windows-x86_64-new-TK 0.2.4 OK
r-patched-linux-x86_64 0.2.4 6.86 94.95 101.81 OK
r-release-linux-x86_64 0.2.4 6.55 95.43 101.98 OK
r-release-macos-arm64 0.2.4 OK
r-release-macos-x86_64 0.2.4 NOTE
r-release-windows-ix86+x86_64 0.2.4 23.00 119.00 142.00 OK
r-oldrel-macos-x86_64 0.2.4 OK
r-oldrel-windows-ix86+x86_64 0.2.4 24.00 115.00 139.00 OK

Check Details

Version: 0.2.4
Check: package dependencies
Result: NOTE
    Package suggested but not available for checking: ‘org.Hs.eg.db’
Flavor: r-release-macos-x86_64