Last updated on 2023-01-26 23:55:48 CET.
Flavor | Version | Tinstall | Tcheck | Ttotal | Status | Flags |
---|---|---|---|---|---|---|
r-devel-linux-x86_64-debian-clang | 0.4.4 | 32.42 | 48.67 | 81.09 | NOTE | |
r-devel-linux-x86_64-debian-gcc | 0.4.4 | 22.01 | 36.73 | 58.74 | NOTE | |
r-devel-linux-x86_64-fedora-clang | 0.4.4 | 113.05 | NOTE | |||
r-devel-linux-x86_64-fedora-gcc | 0.4.4 | 111.12 | NOTE | |||
r-devel-windows-x86_64 | 0.4.4 | 88.00 | 109.00 | 197.00 | NOTE | |
r-patched-linux-x86_64 | 0.4.4 | 24.71 | 45.06 | 69.77 | NOTE | |
r-release-linux-x86_64 | 0.4.4 | 25.98 | 46.00 | 71.98 | NOTE | |
r-release-macos-arm64 | 0.4.4 | 32.00 | NOTE | |||
r-release-macos-x86_64 | 0.4.4 | 41.00 | NOTE | |||
r-release-windows-x86_64 | 0.4.4 | 95.00 | 100.00 | 195.00 | NOTE | |
r-oldrel-macos-arm64 | 0.4.4 | 36.00 | NOTE | |||
r-oldrel-macos-x86_64 | 0.4.4 | 57.00 | NOTE | |||
r-oldrel-windows-ix86+x86_64 | 0.4.4 | 76.00 | 122.00 | 198.00 | NOTE |
Version: 0.4.4
Check: LazyData
Result: NOTE
'LazyData' is specified without a 'data' directory
Flavors: r-devel-linux-x86_64-debian-clang, r-devel-linux-x86_64-debian-gcc, r-devel-linux-x86_64-fedora-clang, r-devel-linux-x86_64-fedora-gcc, r-devel-windows-x86_64, r-patched-linux-x86_64, r-release-linux-x86_64, r-release-macos-arm64, r-release-macos-x86_64, r-release-windows-x86_64, r-oldrel-macos-arm64, r-oldrel-macos-x86_64, r-oldrel-windows-ix86+x86_64