Last updated on 2023-06-07 01:03:23 CEST.
Flavor | Version | Tinstall | Tcheck | Ttotal | Status | Flags |
---|---|---|---|---|---|---|
r-devel-linux-x86_64-debian-clang | 1.0 | 49.80 | 421.82 | 471.62 | OK | |
r-devel-linux-x86_64-debian-gcc | 1.0 | 40.54 | 320.79 | 361.33 | OK | |
r-devel-linux-x86_64-fedora-clang | 1.0 | 611.07 | NOTE | |||
r-devel-linux-x86_64-fedora-gcc | 1.0 | 620.09 | NOTE | |||
r-devel-windows-x86_64 | 1.0 | 41.00 | 365.00 | 406.00 | OK | |
r-patched-linux-x86_64 | 1.0 | 42.98 | 402.71 | 445.69 | OK | |
r-release-linux-x86_64 | 1.0 | 42.23 | 406.07 | 448.30 | OK | |
r-release-macos-arm64 | 1.0 | 5.00 | ERROR | |||
r-release-macos-x86_64 | 1.0 | 301.00 | OK | |||
r-release-windows-x86_64 | 1.0 | 51.00 | 599.00 | 650.00 | OK | |
r-oldrel-macos-arm64 | 1.0 | 11.00 | ERROR | |||
r-oldrel-macos-x86_64 | 1.0 | 11.00 | ERROR | |||
r-oldrel-windows-x86_64 | 1.0 | 52.00 | 504.00 | 556.00 | OK |
Version: 1.0
Check: dependencies in R code
Result: NOTE
Namespaces in Imports field not imported from:
‘R.utils’ ‘stringi’
All declared Imports should be used.
Flavors: r-devel-linux-x86_64-fedora-clang, r-devel-linux-x86_64-fedora-gcc
Version: 1.0
Check: package dependencies
Result: ERROR
Packages required but not available: 'diffcoexp', 'GEOquery'
See section ‘The DESCRIPTION file’ in the ‘Writing R Extensions’
manual.
Flavor: r-release-macos-arm64
Version: 1.0
Check: package dependencies
Result: ERROR
Package required but not available: ‘diffcoexp’
See section ‘The DESCRIPTION file’ in the ‘Writing R Extensions’
manual.
Flavors: r-oldrel-macos-arm64, r-oldrel-macos-x86_64