CRAN Package Check Results for Package earlyR

Last updated on 2024-07-22 00:50:35 CEST.

Flavor Version Tinstall Tcheck Ttotal Status Flags
r-devel-linux-x86_64-debian-clang 0.0.5 6.41 77.44 83.85 NOTE
r-devel-linux-x86_64-debian-gcc 0.0.5 3.43 58.57 62.00 NOTE
r-devel-linux-x86_64-fedora-clang 0.0.5 103.78 NOTE
r-devel-linux-x86_64-fedora-gcc 0.0.5 111.04 NOTE
r-devel-windows-x86_64 0.0.5 7.00 74.00 81.00 NOTE
r-patched-linux-x86_64 0.0.5 4.72 72.22 76.94 NOTE
r-release-linux-x86_64 0.0.5 3.58 74.27 77.85 NOTE
r-release-macos-arm64 0.0.5 38.00 NOTE
r-release-macos-x86_64 0.0.5 56.00 NOTE
r-release-windows-x86_64 0.0.5 6.00 75.00 81.00 NOTE
r-oldrel-macos-arm64 0.0.5 38.00 NOTE
r-oldrel-macos-x86_64 0.0.5 54.00 NOTE
r-oldrel-windows-x86_64 0.0.5 7.00 86.00 93.00 NOTE

Check Details

Version: 0.0.5
Check: Rd files
Result: NOTE checkRd: (-1) plot.earlyR.Rd:34-46: Lost braces 34 | if (require(incidence)) { | ^ Flavors: r-devel-linux-x86_64-debian-clang, r-devel-linux-x86_64-debian-gcc, r-devel-linux-x86_64-fedora-clang, r-devel-linux-x86_64-fedora-gcc, r-devel-windows-x86_64, r-patched-linux-x86_64, r-release-linux-x86_64, r-release-macos-arm64, r-release-macos-x86_64, r-release-windows-x86_64

Version: 0.0.5
Check: LazyData
Result: NOTE 'LazyData' is specified without a 'data' directory Flavors: r-devel-linux-x86_64-debian-clang, r-devel-linux-x86_64-debian-gcc, r-devel-linux-x86_64-fedora-clang, r-devel-linux-x86_64-fedora-gcc, r-devel-windows-x86_64, r-patched-linux-x86_64, r-release-linux-x86_64, r-release-macos-arm64, r-release-macos-x86_64, r-release-windows-x86_64, r-oldrel-macos-arm64, r-oldrel-macos-x86_64, r-oldrel-windows-x86_64