CRAN Package Check Results for Package earlyR

Last updated on 2021-10-20 23:50:08 CEST.

Flavor Version Tinstall Tcheck Ttotal Status Flags
r-devel-linux-x86_64-debian-clang 0.0.5 4.01 67.74 71.75 NOTE
r-devel-linux-x86_64-debian-gcc 0.0.5 3.60 50.80 54.40 NOTE
r-devel-linux-x86_64-fedora-clang 0.0.5 94.34 NOTE
r-devel-linux-x86_64-fedora-gcc 0.0.5 82.28 NOTE
r-devel-windows-x86_64 0.0.5 9.00 100.00 109.00 NOTE
r-devel-windows-x86_64-gcc10-UCRT 0.0.5 NOTE
r-patched-linux-x86_64 0.0.5 4.09 61.48 65.57 NOTE
r-patched-solaris-x86 0.0.5 106.30 NOTE
r-release-linux-x86_64 0.0.5 2.72 62.53 65.25 NOTE
r-release-macos-arm64 0.0.5 NOTE
r-release-macos-x86_64 0.0.5 NOTE
r-release-windows-ix86+x86_64 0.0.5 19.00 119.00 138.00 NOTE
r-oldrel-macos-x86_64 0.0.5 OK
r-oldrel-windows-ix86+x86_64 0.0.5 13.00 133.00 146.00 OK

Check Details

Version: 0.0.5
Check: LazyData
Result: NOTE
     'LazyData' is specified without a 'data' directory
Flavors: r-devel-linux-x86_64-debian-clang, r-devel-linux-x86_64-debian-gcc, r-devel-linux-x86_64-fedora-clang, r-devel-linux-x86_64-fedora-gcc, r-devel-windows-x86_64, r-devel-windows-x86_64-gcc10-UCRT, r-patched-linux-x86_64, r-patched-solaris-x86, r-release-linux-x86_64, r-release-macos-arm64, r-release-macos-x86_64, r-release-windows-ix86+x86_64