CRAN Package Check Results for Package eSDM

Last updated on 2021-10-23 23:50:11 CEST.

Flavor Version Tinstall Tcheck Ttotal Status Flags
r-devel-linux-x86_64-debian-clang 0.3.7 8.72 329.55 338.27 OK
r-devel-linux-x86_64-debian-gcc 0.3.7 7.60 226.65 234.25 OK
r-devel-linux-x86_64-fedora-clang 0.3.7 387.91 OK
r-devel-linux-x86_64-fedora-gcc 0.3.7 387.57 OK
r-devel-windows-x86_64 0.3.7 16.00 379.00 395.00 OK
r-devel-windows-x86_64-gcc10-UCRT 0.3.7 OK
r-patched-linux-x86_64 0.3.7 7.87 311.09 318.96 OK
r-patched-solaris-x86 0.3.7 568.80 NOTE
r-release-linux-x86_64 0.3.7 9.61 307.97 317.58 OK
r-release-macos-arm64 0.3.7 OK
r-release-macos-x86_64 0.3.7 OK
r-release-windows-ix86+x86_64 0.3.7 16.00 407.00 423.00 OK
r-oldrel-macos-x86_64 0.3.7 OK
r-oldrel-windows-ix86+x86_64 0.3.7 20.00 413.00 433.00 OK

Check Details

Version: 0.3.7
Check: installed package size
Result: NOTE
     installed size is 5.0Mb
     sub-directories of 1Mb or more:
     extdata 1.7Mb
     shiny 2.1Mb
Flavor: r-patched-solaris-x86