CRAN Package Check Results for Package dynr

Last updated on 2021-09-27 23:50:37 CEST.

Flavor Version Tinstall Tcheck Ttotal Status Flags
r-devel-linux-x86_64-debian-clang 0.1.16-2 34.23 268.93 303.16 WARN
r-devel-linux-x86_64-debian-gcc 0.1.16-2 27.56 205.97 233.53 WARN
r-devel-linux-x86_64-fedora-clang 0.1.16-2 368.83 NOTE
r-devel-linux-x86_64-fedora-gcc 0.1.16-2 351.34 NOTE
r-devel-windows-x86_64 0.1.16-2 43.00 204.00 247.00 NOTE
r-devel-windows-x86_64-gcc10-UCRT 0.1.16-2 NOTE
r-patched-linux-x86_64 0.1.16-2 35.67 257.92 293.59 WARN
r-patched-solaris-x86 0.1.16-2 482.80 NOTE
r-release-linux-x86_64 0.1.16-2 32.39 258.92 291.31 WARN
r-release-macos-arm64 0.1.16-2 NOTE
r-release-macos-x86_64 0.1.16-2 NOTE
r-release-windows-ix86+x86_64 0.1.16-2 92.00 279.00 371.00 NOTE
r-oldrel-macos-x86_64 0.1.16-2 NOTE
r-oldrel-windows-ix86+x86_64 0.1.16-2 65.00 244.00 309.00 NOTE

Additional issues

donttest

Check Details

Version: 0.1.16-2
Check: top-level files
Result: WARN
     Output from running autoreconf:
     configure.ac:27: warning: AC_OUTPUT should be used without arguments.
     configure.ac:27: You should run autoupdate.
Flavors: r-devel-linux-x86_64-debian-clang, r-devel-linux-x86_64-debian-gcc, r-patched-linux-x86_64, r-release-linux-x86_64

Version: 0.1.16-2
Check: installed package size
Result: NOTE
     installed size is 5.6Mb
     sub-directories of 1Mb or more:
     data 2.5Mb
     doc 1.5Mb
Flavors: r-devel-linux-x86_64-fedora-clang, r-devel-windows-x86_64, r-patched-solaris-x86, r-release-macos-arm64, r-release-macos-x86_64, r-release-windows-ix86+x86_64, r-oldrel-macos-x86_64, r-oldrel-windows-ix86+x86_64

Version: 0.1.16-2
Check: dependencies in R code
Result: NOTE
    Namespace in Imports field not imported from: ‘Rdpack’
     All declared Imports should be used.
Flavors: r-devel-linux-x86_64-fedora-clang, r-devel-linux-x86_64-fedora-gcc, r-devel-windows-x86_64-gcc10-UCRT, r-patched-solaris-x86, r-release-macos-arm64, r-release-macos-x86_64, r-oldrel-macos-x86_64