CRAN Package Check Results for Package dyndimred

Last updated on 2021-10-19 23:52:53 CEST.

Flavor Version Tinstall Tcheck Ttotal Status Flags
r-devel-linux-x86_64-debian-clang 1.0.4 10.00 160.16 170.16 NOTE
r-devel-linux-x86_64-debian-gcc 1.0.4 7.69 120.37 128.06 NOTE
r-devel-linux-x86_64-fedora-clang 1.0.4 213.90 NOTE
r-devel-linux-x86_64-fedora-gcc 1.0.4 199.30 NOTE
r-devel-windows-x86_64 1.0.4 14.00 212.00 226.00 NOTE
r-devel-windows-x86_64-gcc10-UCRT 1.0.4 NOTE
r-patched-linux-x86_64 1.0.4 9.39 153.18 162.57 NOTE
r-patched-solaris-x86 1.0.4 393.00 NOTE
r-release-linux-x86_64 1.0.4 6.82 152.51 159.33 NOTE
r-release-macos-arm64 1.0.4 NOTE
r-release-macos-x86_64 1.0.4 NOTE
r-release-windows-ix86+x86_64 1.0.4 23.00 207.00 230.00 NOTE
r-oldrel-macos-x86_64 1.0.4 OK
r-oldrel-windows-ix86+x86_64 1.0.4 23.00 205.00 228.00 OK

Check Details

Version: 1.0.4
Check: LazyData
Result: NOTE
     'LazyData' is specified without a 'data' directory
Flavors: r-devel-linux-x86_64-debian-clang, r-devel-linux-x86_64-debian-gcc, r-devel-linux-x86_64-fedora-clang, r-devel-linux-x86_64-fedora-gcc, r-devel-windows-x86_64, r-devel-windows-x86_64-gcc10-UCRT, r-patched-linux-x86_64, r-patched-solaris-x86, r-release-linux-x86_64, r-release-macos-arm64, r-release-macos-x86_64, r-release-windows-ix86+x86_64