CRAN Package Check Results for Package dyncomp

Last updated on 2022-01-23 23:50:14 CET.

Flavor Version Tinstall Tcheck Ttotal Status Flags
r-devel-linux-x86_64-debian-clang 0.0.2-1 2.04 29.34 31.38 NOTE
r-devel-linux-x86_64-debian-gcc 0.0.2-1 1.75 25.45 27.20 NOTE
r-devel-linux-x86_64-fedora-clang 0.0.2-1 40.46 NOTE
r-devel-linux-x86_64-fedora-gcc 0.0.2-1 28.89 NOTE
r-devel-windows-x86_64-new-UL 0.0.2-1 18.00 49.00 67.00 NOTE
r-devel-windows-x86_64-new-TK 0.0.2-1 NOTE
r-patched-linux-x86_64 0.0.2-1 1.56 28.40 29.96 NOTE
r-release-linux-x86_64 0.0.2-1 1.54 28.85 30.39 NOTE
r-release-macos-arm64 0.0.2-1 NOTE
r-release-macos-x86_64 0.0.2-1 NOTE
r-release-windows-ix86+x86_64 0.0.2-1 5.00 38.00 43.00 NOTE
r-oldrel-macos-x86_64 0.0.2-1 OK
r-oldrel-windows-ix86+x86_64 0.0.2-1 6.00 37.00 43.00 OK

Check Details

Version: 0.0.2-1
Check: LazyData
Result: NOTE
     'LazyData' is specified without a 'data' directory
Flavors: r-devel-linux-x86_64-debian-clang, r-devel-linux-x86_64-debian-gcc, r-devel-linux-x86_64-fedora-clang, r-devel-linux-x86_64-fedora-gcc, r-devel-windows-x86_64-new-UL, r-devel-windows-x86_64-new-TK, r-patched-linux-x86_64, r-release-linux-x86_64, r-release-macos-arm64, r-release-macos-x86_64, r-release-windows-ix86+x86_64