Last updated on 2023-06-09 00:54:20 CEST.
Flavor | Version | Tinstall | Tcheck | Ttotal | Status | Flags |
---|---|---|---|---|---|---|
r-devel-linux-x86_64-debian-clang | 0.2.7 | 5.21 | 35.97 | 41.18 | OK | |
r-devel-linux-x86_64-debian-gcc | 0.2.7 | 3.61 | 27.54 | 31.15 | OK | |
r-devel-linux-x86_64-fedora-clang | 0.2.7 | 48.18 | OK | |||
r-devel-linux-x86_64-fedora-gcc | 0.2.7 | 46.72 | OK | |||
r-devel-windows-x86_64 | 0.2.7 | 14.00 | 50.00 | 64.00 | OK | |
r-patched-linux-x86_64 | 0.2.7 | 3.62 | 34.21 | 37.83 | OK | |
r-release-linux-x86_64 | 0.2.7 | 3.81 | 34.34 | 38.15 | OK | |
r-release-macos-arm64 | 0.2.7 | 23.00 | OK | |||
r-release-macos-x86_64 | 0.2.7 | 25.00 | NOTE | |||
r-release-windows-x86_64 | 0.2.7 | 7.00 | 55.00 | 62.00 | OK | |
r-oldrel-macos-arm64 | 0.2.7 | 25.00 | OK | |||
r-oldrel-macos-x86_64 | 0.2.7 | 27.00 | OK | |||
r-oldrel-windows-x86_64 | 0.2.7 | 7.00 | 61.00 | 68.00 | OK |
Version: 0.2.7
Check: package dependencies
Result: NOTE
Package suggested but not available for checking: ‘raster’
Flavor: r-release-macos-x86_64