CRAN Package Check Results for Package dub

Last updated on 2022-01-23 23:50:14 CET.

Flavor Version Tinstall Tcheck Ttotal Status Flags
r-devel-linux-x86_64-debian-clang 0.2.0 1.67 29.60 31.27 NOTE
r-devel-linux-x86_64-debian-gcc 0.2.0 1.28 25.57 26.85 NOTE
r-devel-linux-x86_64-fedora-clang 0.2.0 39.15 NOTE
r-devel-linux-x86_64-fedora-gcc 0.2.0 28.77 NOTE
r-devel-windows-x86_64-new-UL 0.2.0 16.00 51.00 67.00 NOTE
r-devel-windows-x86_64-new-TK 0.2.0 NOTE
r-patched-linux-x86_64 0.2.0 1.89 29.10 30.99 NOTE
r-release-linux-x86_64 0.2.0 1.83 28.74 30.57 NOTE
r-release-macos-arm64 0.2.0 NOTE
r-release-macos-x86_64 0.2.0 NOTE
r-release-windows-ix86+x86_64 0.2.0 5.00 37.00 42.00 NOTE
r-oldrel-macos-x86_64 0.2.0 OK
r-oldrel-windows-ix86+x86_64 0.2.0 4.00 38.00 42.00 OK

Check Details

Version: 0.2.0
Check: LazyData
Result: NOTE
     'LazyData' is specified without a 'data' directory
Flavors: r-devel-linux-x86_64-debian-clang, r-devel-linux-x86_64-debian-gcc, r-devel-linux-x86_64-fedora-clang, r-devel-linux-x86_64-fedora-gcc, r-devel-windows-x86_64-new-UL, r-devel-windows-x86_64-new-TK, r-patched-linux-x86_64, r-release-linux-x86_64, r-release-macos-arm64, r-release-macos-x86_64, r-release-windows-ix86+x86_64