Last updated on 2023-01-27 23:37:55 CET.
Flavor | Version | Tinstall | Tcheck | Ttotal | Status | Flags |
---|---|---|---|---|---|---|
r-devel-linux-x86_64-debian-clang | 0.1.0 | 22.05 | 60.46 | 82.51 | OK | |
r-devel-linux-x86_64-debian-gcc | 0.1.0 | 18.90 | 45.61 | 64.51 | NOTE | |
r-devel-linux-x86_64-fedora-clang | 0.1.0 | 115.93 | OK | |||
r-devel-linux-x86_64-fedora-gcc | 0.1.0 | 110.26 | NOTE | |||
r-devel-windows-x86_64 | 0.1.0 | 30.00 | 106.00 | 136.00 | OK | |
r-patched-linux-x86_64 | 0.1.0 | 19.16 | 58.02 | 77.18 | OK | |
r-release-linux-x86_64 | 0.1.0 | 21.45 | 58.95 | 80.40 | OK | |
r-release-macos-arm64 | 0.1.0 | 32.00 | OK | |||
r-release-macos-x86_64 | 0.1.0 | 43.00 | OK | |||
r-release-windows-x86_64 | 0.1.0 | 28.00 | 108.00 | 136.00 | OK | |
r-oldrel-macos-arm64 | 0.1.0 | 36.00 | OK | |||
r-oldrel-macos-x86_64 | 0.1.0 | 41.00 | OK | |||
r-oldrel-windows-ix86+x86_64 | 0.1.0 | 64.00 | 122.00 | 186.00 | OK |
Version: 0.1.0
Check: C++ specification
Result: NOTE
Specified C++11: please update to current default of C++17
Flavors: r-devel-linux-x86_64-debian-gcc, r-devel-linux-x86_64-fedora-gcc