CRAN Package Check Results for Package drumr

Last updated on 2022-01-23 23:50:14 CET.

Flavor Version Tinstall Tcheck Ttotal Status Flags
r-devel-linux-x86_64-debian-clang 0.1.0 2.32 29.39 31.71 NOTE
r-devel-linux-x86_64-debian-gcc 0.1.0 1.78 24.86 26.64 NOTE
r-devel-linux-x86_64-fedora-clang 0.1.0 39.61 NOTE
r-devel-linux-x86_64-fedora-gcc 0.1.0 27.53 NOTE
r-devel-windows-x86_64-new-UL 0.1.0 25.00 49.00 74.00 NOTE
r-devel-windows-x86_64-new-TK 0.1.0 NOTE
r-patched-linux-x86_64 0.1.0 2.39 28.59 30.98 NOTE
r-release-linux-x86_64 0.1.0 2.28 28.37 30.65 NOTE
r-release-macos-arm64 0.1.0 NOTE
r-release-macos-x86_64 0.1.0 NOTE
r-release-windows-ix86+x86_64 0.1.0 7.00 37.00 44.00 NOTE
r-oldrel-macos-x86_64 0.1.0 OK
r-oldrel-windows-ix86+x86_64 0.1.0 7.00 38.00 45.00 OK

Check Details

Version: 0.1.0
Check: LazyData
Result: NOTE
     'LazyData' is specified without a 'data' directory
Flavors: r-devel-linux-x86_64-debian-clang, r-devel-linux-x86_64-debian-gcc, r-devel-linux-x86_64-fedora-clang, r-devel-linux-x86_64-fedora-gcc, r-devel-windows-x86_64-new-UL, r-devel-windows-x86_64-new-TK, r-patched-linux-x86_64, r-release-linux-x86_64, r-release-macos-arm64, r-release-macos-x86_64, r-release-windows-ix86+x86_64