Last updated on 2023-05-29 00:59:32 CEST.
Flavor | Version | Tinstall | Tcheck | Ttotal | Status | Flags |
---|---|---|---|---|---|---|
r-devel-linux-x86_64-debian-clang | 0.0.4 | 12.95 | 135.08 | 148.03 | OK | |
r-devel-linux-x86_64-debian-gcc | 0.0.4 | 10.85 | 105.19 | 116.04 | OK | |
r-devel-linux-x86_64-fedora-clang | 0.0.4 | 191.91 | NOTE | |||
r-devel-linux-x86_64-fedora-gcc | 0.0.4 | 191.64 | OK | |||
r-devel-windows-x86_64 | 0.0.4 | 12.00 | 126.00 | 138.00 | OK | |
r-patched-linux-x86_64 | 0.0.4 | 9.99 | 131.04 | 141.03 | OK | |
r-release-linux-x86_64 | 0.0.4 | 13.87 | 130.84 | 144.71 | OK | |
r-release-macos-arm64 | 0.0.4 | 62.00 | OK | |||
r-release-macos-x86_64 | 0.0.4 | 105.00 | OK | |||
r-release-windows-x86_64 | 0.0.4 | 17.00 | 148.00 | 165.00 | OK | |
r-oldrel-macos-arm64 | 0.0.4 | 47.00 | OK | |||
r-oldrel-macos-x86_64 | 0.0.4 | 106.00 | OK | |||
r-oldrel-windows-x86_64 | 0.0.4 | 17.00 | 146.00 | 163.00 | OK |
Version: 0.0.4
Check: Rd cross-references
Result: NOTE
Undeclared package ‘data.table’ in Rd xrefs
Flavor: r-devel-linux-x86_64-fedora-clang