CRAN Package Check Results for Package drifter

Last updated on 2024-06-15 00:54:04 CEST.

Flavor Version Tinstall Tcheck Ttotal Status Flags
r-devel-linux-x86_64-debian-clang 0.2.1 6.27 92.57 98.84 NOTE
r-devel-linux-x86_64-debian-gcc 0.2.1 4.29 70.39 74.68 NOTE
r-devel-linux-x86_64-fedora-clang 0.2.1 124.62 NOTE
r-devel-linux-x86_64-fedora-gcc 0.2.1 121.92 NOTE
r-devel-windows-x86_64 0.2.1 6.00 75.00 81.00 NOTE
r-patched-linux-x86_64 0.2.1 5.92 86.26 92.18 NOTE
r-release-linux-x86_64 0.2.1 5.33 87.62 92.95 NOTE
r-release-macos-arm64 0.2.1 34.00 NOTE
r-release-macos-x86_64 0.2.1 50.00 NOTE
r-release-windows-x86_64 0.2.1 7.00 76.00 83.00 NOTE
r-oldrel-macos-arm64 0.2.1 35.00 NOTE
r-oldrel-macos-x86_64 0.2.1 51.00 NOTE
r-oldrel-windows-x86_64 0.2.1 8.00 86.00 94.00 NOTE

Check Details

Version: 0.2.1
Check: LazyData
Result: NOTE 'LazyData' is specified without a 'data' directory Flavors: r-devel-linux-x86_64-debian-clang, r-devel-linux-x86_64-debian-gcc, r-devel-linux-x86_64-fedora-clang, r-devel-linux-x86_64-fedora-gcc, r-devel-windows-x86_64, r-patched-linux-x86_64, r-release-linux-x86_64, r-release-macos-arm64, r-release-macos-x86_64, r-release-windows-x86_64, r-oldrel-macos-arm64, r-oldrel-macos-x86_64, r-oldrel-windows-x86_64

Version: 0.2.1
Check: tests
Result: NOTE Running ‘testthat.R’ [38s/15s] Running R code in ‘testthat.R’ had CPU time 2.5 times elapsed time Flavor: r-devel-linux-x86_64-debian-clang

Version: 0.2.1
Check: tests
Result: NOTE Running ‘testthat.R’ [36s/14s] Running R code in ‘testthat.R’ had CPU time 2.6 times elapsed time Flavor: r-release-linux-x86_64