CRAN Package Check Results for Package drf

Last updated on 2021-10-27 23:50:22 CEST.

Flavor Version Tinstall Tcheck Ttotal Status Flags
r-devel-linux-x86_64-debian-clang 1.1.0 100.90 65.66 166.56 NOTE
r-devel-linux-x86_64-debian-gcc 1.1.0 73.62 51.05 124.67 NOTE
r-devel-linux-x86_64-fedora-clang 1.1.0 279.74 NOTE
r-devel-linux-x86_64-fedora-gcc 1.1.0 228.58 NOTE
r-devel-windows-x86_64 1.1.0 139.00 99.00 238.00 NOTE
r-devel-windows-x86_64-gcc10-UCRT 1.1.0 NOTE
r-patched-linux-x86_64 1.1.0 97.63 64.03 161.66 NOTE
r-patched-solaris-x86 1.1.0 250.10 NOTE
r-release-linux-x86_64 1.1.0 93.44 63.73 157.17 NOTE
r-release-macos-arm64 1.1.0 NOTE
r-release-macos-x86_64 1.1.0 NOTE
r-release-windows-ix86+x86_64 1.1.0 200.00 131.00 331.00 NOTE
r-oldrel-macos-x86_64 1.1.0 NOTE
r-oldrel-windows-ix86+x86_64 1.1.0 202.00 130.00 332.00 NOTE

Check Details

Version: 1.1.0
Check: for GNU extensions in Makefiles
Result: NOTE
    GNU make is a SystemRequirements.
Flavors: r-devel-linux-x86_64-debian-clang, r-devel-linux-x86_64-debian-gcc, r-devel-linux-x86_64-fedora-clang, r-devel-linux-x86_64-fedora-gcc, r-devel-windows-x86_64, r-devel-windows-x86_64-gcc10-UCRT, r-patched-linux-x86_64, r-patched-solaris-x86, r-release-linux-x86_64, r-release-macos-arm64, r-release-macos-x86_64, r-release-windows-ix86+x86_64, r-oldrel-macos-x86_64, r-oldrel-windows-ix86+x86_64

Version: 1.1.0
Check: installed package size
Result: NOTE
     installed size is 5.4Mb
     sub-directories of 1Mb or more:
     libs 5.2Mb
Flavors: r-devel-linux-x86_64-fedora-clang, r-release-macos-arm64, r-release-macos-x86_64, r-oldrel-macos-x86_64