CRAN Package Check Results for Package drcSeedGerm

Last updated on 2024-07-23 00:54:26 CEST.

Flavor Version Tinstall Tcheck Ttotal Status Flags
r-devel-linux-x86_64-debian-clang 1.0.1 18.66 143.38 162.04 NOTE
r-devel-linux-x86_64-debian-gcc 1.0.1 14.42 104.41 118.83 NOTE
r-devel-linux-x86_64-fedora-clang 1.0.1 202.01 NOTE
r-devel-linux-x86_64-fedora-gcc 1.0.1 192.82 NOTE
r-devel-windows-x86_64 1.0.1 18.00 116.00 134.00 NOTE
r-patched-linux-x86_64 1.0.1 20.42 137.92 158.34 NOTE
r-release-linux-x86_64 1.0.1 12.87 138.62 151.49 NOTE
r-release-macos-arm64 1.0.1 52.00 NOTE
r-release-macos-x86_64 1.0.1 94.00 NOTE
r-release-windows-x86_64 1.0.1 17.00 116.00 133.00 NOTE
r-oldrel-macos-arm64 1.0.1 52.00 OK
r-oldrel-macos-x86_64 1.0.1 79.00 OK
r-oldrel-windows-x86_64 1.0.1 23.00 145.00 168.00 OK

Check Details

Version: 1.0.1
Check: Rd files
Result: NOTE checkRd: (-1) excalibur.Rd:18: Lost braces; missing escapes or markup? 18 | \item{\code{GR}}{a numeric vector: germination rates in d^{-1}} | ^ checkRd: (-1) festuca.Rd:16: Lost braces; missing escapes or markup? 16 | \item{\code{GR}}{a numeric vector: germination rates in d^{-1}} | ^ Flavors: r-devel-linux-x86_64-debian-clang, r-devel-linux-x86_64-debian-gcc, r-devel-linux-x86_64-fedora-clang, r-devel-linux-x86_64-fedora-gcc, r-devel-windows-x86_64, r-patched-linux-x86_64, r-release-linux-x86_64, r-release-macos-arm64, r-release-macos-x86_64, r-release-windows-x86_64