CRAN Package Check Results for Package doubt

Last updated on 2022-01-23 23:50:14 CET.

Flavor Version Tinstall Tcheck Ttotal Status Flags
r-devel-linux-x86_64-debian-clang 0.1.0 2.17 34.23 36.40 NOTE
r-devel-linux-x86_64-debian-gcc 0.1.0 1.55 28.14 29.69 NOTE
r-devel-linux-x86_64-fedora-clang 0.1.0 44.07 NOTE
r-devel-linux-x86_64-fedora-gcc 0.1.0 32.75 NOTE
r-devel-windows-x86_64-new-UL 0.1.0 19.00 51.00 70.00 NOTE
r-devel-windows-x86_64-new-TK 0.1.0 NOTE
r-patched-linux-x86_64 0.1.0 1.91 32.21 34.12 NOTE
r-release-linux-x86_64 0.1.0 1.91 32.92 34.83 NOTE
r-release-macos-arm64 0.1.0 NOTE
r-release-macos-x86_64 0.1.0 NOTE
r-release-windows-ix86+x86_64 0.1.0 5.00 44.00 49.00 NOTE
r-oldrel-macos-x86_64 0.1.0 OK
r-oldrel-windows-ix86+x86_64 0.1.0 5.00 41.00 46.00 OK

Check Details

Version: 0.1.0
Check: LazyData
Result: NOTE
     'LazyData' is specified without a 'data' directory
Flavors: r-devel-linux-x86_64-debian-clang, r-devel-linux-x86_64-debian-gcc, r-devel-linux-x86_64-fedora-clang, r-devel-linux-x86_64-fedora-gcc, r-devel-windows-x86_64-new-UL, r-devel-windows-x86_64-new-TK, r-patched-linux-x86_64, r-release-linux-x86_64, r-release-macos-arm64, r-release-macos-x86_64, r-release-windows-ix86+x86_64