CRAN Package Check Results for Package dotwhisker

Last updated on 2022-11-29 22:53:34 CET.

Flavor Version Tinstall Tcheck Ttotal Status Flags
r-devel-linux-x86_64-debian-clang 0.7.4 8.30 168.83 177.13 NOTE
r-devel-linux-x86_64-debian-gcc 0.7.4 6.59 125.58 132.17 NOTE
r-devel-linux-x86_64-fedora-clang 0.7.4 233.58 NOTE
r-devel-linux-x86_64-fedora-gcc 0.7.4 242.70 NOTE
r-devel-windows-x86_64 0.7.4 20.00 177.00 197.00 OK
r-patched-linux-x86_64 0.7.4 10.14 155.67 165.81 NOTE
r-release-linux-x86_64 0.7.4 6.96 156.99 163.95 NOTE
r-release-macos-arm64 0.7.4 55.00 OK
r-release-macos-x86_64 0.7.4 112.00 OK
r-release-windows-x86_64 0.7.4 25.00 199.00 224.00 OK
r-oldrel-macos-arm64 0.7.4 87.00 OK
r-oldrel-macos-x86_64 0.7.4 78.00 OK
r-oldrel-windows-ix86+x86_64 0.7.4 27.00 174.00 201.00 OK

Check Details

Version: 0.7.4
Check: Rd cross-references
Result: NOTE
    Unknown package 'broomExtra' in Rd xrefs
Flavors: r-devel-linux-x86_64-debian-clang, r-devel-linux-x86_64-debian-gcc, r-devel-linux-x86_64-fedora-gcc, r-patched-linux-x86_64, r-release-linux-x86_64

Version: 0.7.4
Check: Rd cross-references
Result: NOTE
    Undeclared package ‘broomExtra’ in Rd xrefs
    Unknown package ‘broomExtra’ in Rd xrefs
Flavor: r-devel-linux-x86_64-fedora-clang