CRAN Package Check Results for Package dominanceanalysis

Last updated on 2021-09-22 23:49:52 CEST.

Flavor Version Tinstall Tcheck Ttotal Status Flags
r-devel-linux-x86_64-debian-clang 2.0.0 3.53 87.02 90.55 OK
r-devel-linux-x86_64-debian-gcc 2.0.0 2.71 64.27 66.98 OK
r-devel-linux-x86_64-fedora-clang 2.0.0 117.22 OK
r-devel-linux-x86_64-fedora-gcc 2.0.0 103.44 OK
r-devel-windows-x86_64 2.0.0 6.00 85.00 91.00 OK
r-devel-windows-x86_64-gcc10-UCRT 2.0.0 ERROR
r-patched-linux-x86_64 2.0.0 4.14 81.15 85.29 OK
r-patched-solaris-x86 2.0.0 143.30 OK
r-release-linux-x86_64 2.0.0 3.38 80.86 84.24 OK
r-release-macos-arm64 2.0.0 OK
r-release-macos-x86_64 2.0.0 OK
r-release-windows-ix86+x86_64 2.0.0 8.00 88.00 96.00 OK
r-oldrel-macos-x86_64 2.0.0 OK
r-oldrel-windows-ix86+x86_64 2.0.0 18.00 82.00 100.00 OK

Check Details

Version: 2.0.0
Check: PDF version of manual
Result: WARN
    LaTeX errors when creating PDF version.
    This typically indicates Rd problems.
Flavor: r-devel-windows-x86_64-gcc10-UCRT

Version: 2.0.0
Check: PDF version of manual without hyperrefs or index
Result: ERROR
    Re-running with no redirection of stdout/stderr.
Flavor: r-devel-windows-x86_64-gcc10-UCRT