CRAN Package Check Results for Package document

Last updated on 2024-06-14 00:53:40 CEST.

Flavor Version Tinstall Tcheck Ttotal Status Flags
r-devel-linux-x86_64-debian-clang 4.0.0 1.72 61.43 63.15 OK
r-devel-linux-x86_64-debian-gcc 4.0.0 0.40 1.87 2.27 ERROR
r-devel-linux-x86_64-fedora-clang 4.0.0 84.27 OK
r-devel-linux-x86_64-fedora-gcc 4.0.0 93.18 OK
r-devel-windows-x86_64 4.0.0 4.00 137.00 141.00 OK
r-patched-linux-x86_64 4.0.0 7.34 60.91 68.25 OK
r-release-linux-x86_64 4.0.0 2.73 60.30 63.03 OK
r-release-macos-arm64 4.0.0 41.00 OK
r-release-macos-x86_64 4.0.0 76.00 OK
r-release-windows-x86_64 4.0.0 4.00 140.00 144.00 OK
r-oldrel-macos-arm64 4.0.0 38.00 OK
r-oldrel-macos-x86_64 4.0.0 116.00 OK
r-oldrel-windows-x86_64 4.0.0 4.00 118.00 122.00 OK

Check Details

Version: 4.0.0
Check: package dependencies
Result: ERROR Package required but not available: ‘roxygen2’ Package suggested but not available for checking: ‘testthat’ See section ‘The DESCRIPTION file’ in the ‘Writing R Extensions’ manual. Flavor: r-devel-linux-x86_64-debian-gcc