CRAN Package Check Results for Package dobin

Last updated on 2021-12-07 23:54:27 CET.

Flavor Version Tinstall Tcheck Ttotal Status Flags
r-devel-linux-x86_64-debian-clang 1.0.2 2.07 65.55 67.62 NOTE
r-devel-linux-x86_64-debian-gcc 1.0.2 1.59 50.85 52.44 NOTE
r-devel-linux-x86_64-fedora-clang 1.0.2 81.92 NOTE
r-devel-linux-x86_64-fedora-gcc 1.0.2 70.58 NOTE
r-devel-windows-x86_64-new-UL 1.0.2 6.00 99.00 105.00 NOTE
r-devel-windows-x86_64-new-TK 1.0.2 NOTE
r-devel-windows-x86_64-old 1.0.2 4.00 88.00 92.00 NOTE
r-patched-linux-x86_64 1.0.2 1.79 62.66 64.45 NOTE
r-release-linux-x86_64 1.0.2 1.99 62.11 64.10 NOTE
r-release-macos-arm64 1.0.2 NOTE
r-release-macos-x86_64 1.0.2 NOTE
r-release-windows-ix86+x86_64 1.0.2 5.00 82.00 87.00 NOTE
r-oldrel-macos-x86_64 1.0.2 OK
r-oldrel-windows-ix86+x86_64 1.0.2 6.00 81.00 87.00 OK

Check Details

Version: 1.0.2
Check: LazyData
Result: NOTE
     'LazyData' is specified without a 'data' directory
Flavors: r-devel-linux-x86_64-debian-clang, r-devel-linux-x86_64-debian-gcc, r-devel-linux-x86_64-fedora-clang, r-devel-linux-x86_64-fedora-gcc, r-devel-windows-x86_64-new-UL, r-devel-windows-x86_64-new-TK, r-devel-windows-x86_64-old, r-patched-linux-x86_64, r-release-linux-x86_64, r-release-macos-arm64, r-release-macos-x86_64, r-release-windows-ix86+x86_64