CRAN Package Check Results for Package doBy

Last updated on 2021-10-25 23:52:43 CEST.

Flavor Version Tinstall Tcheck Ttotal Status Flags
r-devel-linux-x86_64-debian-clang 4.6.11 16.17 128.26 144.43 OK
r-devel-linux-x86_64-debian-gcc 4.6.11 12.51 95.43 107.94 OK
r-devel-linux-x86_64-fedora-clang 4.6.11 181.95 OK
r-devel-linux-x86_64-fedora-gcc 4.6.11 167.94 OK
r-devel-windows-x86_64 4.6.11 23.00 172.00 195.00 OK
r-devel-windows-x86_64-gcc10-UCRT 4.6.11 OK
r-patched-linux-x86_64 4.6.11 15.45 119.93 135.38 OK
r-patched-solaris-x86 4.6.11 234.90 NOTE
r-release-linux-x86_64 4.6.11 15.15 120.70 135.85 OK
r-release-macos-arm64 4.6.11 NOTE
r-release-macos-x86_64 4.6.11 OK
r-release-windows-ix86+x86_64 4.6.11 23.00 169.00 192.00 OK
r-oldrel-macos-x86_64 4.6.11 OK
r-oldrel-windows-ix86+x86_64 4.6.11 31.00 173.00 204.00 OK

Check Details

Version: 4.6.11
Check: installed package size
Result: NOTE
     installed size is 5.1Mb
     sub-directories of 1Mb or more:
     data 4.1Mb
Flavor: r-patched-solaris-x86

Version: 4.6.11
Check: package dependencies
Result: NOTE
    Package suggested but not available for checking: ‘geepack’
Flavor: r-release-macos-arm64