CRAN Package Check Results for Package dnn

Last updated on 2024-06-13 00:55:11 CEST.

Flavor Version Tinstall Tcheck Ttotal Status Flags
r-devel-linux-x86_64-debian-clang 0.0.6 53.81 99.80 153.61 OK
r-devel-linux-x86_64-debian-gcc 0.0.6 0.31 1.69 2.00 ERROR
r-devel-linux-x86_64-fedora-clang 0.0.6 195.97 OK
r-devel-linux-x86_64-fedora-gcc 0.0.6 194.31 OK
r-devel-windows-x86_64 0.0.6 41.00 107.00 148.00 OK
r-patched-linux-x86_64 0.0.6 48.37 93.09 141.46 OK
r-release-linux-x86_64 0.0.6 47.07 93.98 141.05 OK
r-release-macos-arm64 0.0.6 48.00 OK
r-release-macos-x86_64 0.0.6 71.00 OK
r-release-windows-x86_64 0.0.6 43.00 107.00 150.00 OK
r-oldrel-macos-arm64 0.0.6 60.00 OK
r-oldrel-macos-x86_64 0.0.6 95.00 OK
r-oldrel-windows-x86_64 0.0.6 50.00 139.00 189.00 OK

Check Details

Version: 0.0.6
Check: package dependencies
Result: ERROR Package required but not available: ‘ggplot2’ See section ‘The DESCRIPTION file’ in the ‘Writing R Extensions’ manual. Flavor: r-devel-linux-x86_64-debian-gcc