CRAN Package Check Results for Package dmbc

Last updated on 2024-06-14 00:53:39 CEST.

Flavor Version Tinstall Tcheck Ttotal Status Flags
r-devel-linux-x86_64-debian-clang 1.0.2 117.24 97.12 214.36 OK
r-devel-linux-x86_64-debian-gcc 1.0.2 0.37 1.75 2.12 ERROR
r-devel-linux-x86_64-fedora-clang 1.0.2 297.92 OK
r-devel-linux-x86_64-fedora-gcc 1.0.2 276.72 OK
r-devel-windows-x86_64 1.0.2 86.00 110.00 196.00 OK
r-patched-linux-x86_64 1.0.2 90.62 93.64 184.26 OK
r-release-linux-x86_64 1.0.2 73.86 91.34 165.20 OK
r-release-macos-arm64 1.0.2 61.00 OK
r-release-macos-x86_64 1.0.2 83.00 OK
r-release-windows-x86_64 1.0.2 84.00 114.00 198.00 OK
r-oldrel-macos-arm64 1.0.2 62.00 OK
r-oldrel-macos-x86_64 1.0.2 106.00 OK
r-oldrel-windows-x86_64 1.0.2 106.00 143.00 249.00 OK

Additional issues

noRemap

Check Details

Version: 1.0.2
Check: package dependencies
Result: ERROR Packages required but not available: 'bayesplot', 'ggplot2', 'ggrepel' Package suggested but not available for checking: ‘testthat’ See section ‘The DESCRIPTION file’ in the ‘Writing R Extensions’ manual. Flavor: r-devel-linux-x86_64-debian-gcc