CRAN Package Check Results for Package diversitree

Last updated on 2021-09-23 23:50:03 CEST.

Flavor Version Tinstall Tcheck Ttotal Status Flags
r-devel-linux-x86_64-debian-clang 0.9-16 86.18 121.80 207.98 OK
r-devel-linux-x86_64-debian-gcc 0.9-16 55.19 89.04 144.23 OK
r-devel-linux-x86_64-fedora-clang 0.9-16 282.34 NOTE
r-devel-linux-x86_64-fedora-gcc 0.9-16 259.60 OK
r-devel-windows-x86_64 0.9-16 85.00 109.00 194.00 OK
r-devel-windows-x86_64-gcc10-UCRT 0.9-16 OK
r-patched-linux-x86_64 0.9-16 72.70 114.94 187.64 OK
r-patched-solaris-x86 0.9-16 263.50 OK
r-release-linux-x86_64 0.9-16 73.19 114.76 187.95 OK
r-release-macos-arm64 0.9-16 NOTE
r-release-macos-x86_64 0.9-16 NOTE
r-release-windows-ix86+x86_64 0.9-16 188.00 138.00 326.00 NOTE
r-oldrel-macos-x86_64 0.9-16 NOTE
r-oldrel-windows-ix86+x86_64 0.9-16 142.00 135.00 277.00 NOTE

Check Details

Version: 0.9-16
Check: installed package size
Result: NOTE
     installed size is 6.1Mb
     sub-directories of 1Mb or more:
     libs 4.8Mb
Flavors: r-devel-linux-x86_64-fedora-clang, r-release-macos-arm64, r-release-macos-x86_64, r-release-windows-ix86+x86_64, r-oldrel-macos-x86_64, r-oldrel-windows-ix86+x86_64