CRAN Package Check Results for Package div

Last updated on 2024-06-15 00:54:04 CEST.

Flavor Version Tinstall Tcheck Ttotal Status Flags
r-devel-linux-x86_64-debian-clang 0.3.1 10.49 68.52 79.01 OK
r-devel-linux-x86_64-debian-gcc 0.3.1 7.74 50.00 57.74 OK
r-devel-linux-x86_64-fedora-clang 0.3.1 98.38 NOTE
r-devel-linux-x86_64-fedora-gcc 0.3.1 91.38 NOTE
r-devel-windows-x86_64 0.3.1 10.00 69.00 79.00 OK
r-patched-linux-x86_64 0.3.1 11.05 63.25 74.30 OK
r-release-linux-x86_64 0.3.1 6.20 64.11 70.31 OK
r-release-macos-arm64 0.3.1 29.00 OK
r-release-macos-x86_64 0.3.1 45.00 OK
r-release-windows-x86_64 0.3.1 9.00 69.00 78.00 OK
r-oldrel-macos-arm64 0.3.1 30.00 OK
r-oldrel-macos-x86_64 0.3.1 55.00 OK
r-oldrel-windows-x86_64 0.3.1 12.00 80.00 92.00 OK

Check Details

Version: 0.3.1
Check: dependencies in R code
Result: NOTE Namespaces in Imports field not imported from: ‘gridExtra’ ‘plotly’ ‘pryr’ ‘rpart’ All declared Imports should be used. Flavors: r-devel-linux-x86_64-fedora-clang, r-devel-linux-x86_64-fedora-gcc