CRAN Package Check Results for Package dittodb

Last updated on 2021-10-15 23:50:26 CEST.

Flavor Version Tinstall Tcheck Ttotal Status Flags
r-devel-linux-x86_64-debian-clang 0.1.3 5.01 102.98 107.99 NOTE
r-devel-linux-x86_64-debian-gcc 0.1.3 4.23 78.32 82.55 NOTE
r-devel-linux-x86_64-fedora-clang 0.1.3 136.93 NOTE
r-devel-linux-x86_64-fedora-gcc 0.1.3 127.60 NOTE
r-devel-windows-x86_64 0.1.3 27.00 108.00 135.00 NOTE
r-devel-windows-x86_64-gcc10-UCRT 0.1.3 NOTE
r-patched-linux-x86_64 0.1.3 9.50 104.43 113.93 NOTE
r-patched-solaris-x86 0.1.3 189.50 NOTE
r-release-linux-x86_64 0.1.3 4.37 106.37 110.74 NOTE
r-release-macos-arm64 0.1.3 NOTE
r-release-macos-x86_64 0.1.3 NOTE
r-release-windows-ix86+x86_64 0.1.3 23.00 222.00 245.00 NOTE
r-oldrel-macos-x86_64 0.1.3 OK
r-oldrel-windows-ix86+x86_64 0.1.3 19.00 226.00 245.00 OK

Check Details

Version: 0.1.3
Check: LazyData
Result: NOTE
     'LazyData' is specified without a 'data' directory
Flavors: r-devel-linux-x86_64-debian-clang, r-devel-linux-x86_64-debian-gcc, r-devel-linux-x86_64-fedora-clang, r-devel-linux-x86_64-fedora-gcc, r-devel-windows-x86_64, r-devel-windows-x86_64-gcc10-UCRT, r-patched-linux-x86_64, r-patched-solaris-x86, r-release-linux-x86_64, r-release-macos-arm64, r-release-macos-x86_64, r-release-windows-ix86+x86_64