CRAN Package Check Results for Package distributions3

Last updated on 2021-12-02 23:51:04 CET.

Flavor Version Tinstall Tcheck Ttotal Status Flags
r-devel-linux-x86_64-debian-clang 0.1.1 4.94 58.54 63.48 NOTE
r-devel-linux-x86_64-debian-gcc 0.1.1 3.30 44.47 47.77 NOTE
r-devel-linux-x86_64-fedora-clang 0.1.1 87.10 NOTE
r-devel-linux-x86_64-fedora-gcc 0.1.1 74.58 NOTE
r-devel-windows-x86_64-new-UL 0.1.1 23.00 133.00 156.00 NOTE
r-devel-windows-x86_64-new-TK 0.1.1 NOTE
r-devel-windows-x86_64-old 0.1.1 9.00 75.00 84.00 NOTE
r-patched-linux-x86_64 0.1.1 6.51 62.31 68.82 NOTE
r-patched-solaris-x86 0.1.1 91.00 NOTE
r-release-linux-x86_64 0.1.1 4.48 63.20 67.68 NOTE
r-release-macos-arm64 0.1.1 NOTE
r-release-macos-x86_64 0.1.1 NOTE
r-release-windows-ix86+x86_64 0.1.1 9.00 99.00 108.00 NOTE
r-oldrel-macos-x86_64 0.1.1 OK
r-oldrel-windows-ix86+x86_64 0.1.1 10.00 100.00 110.00 OK

Check Details

Version: 0.1.1
Check: LazyData
Result: NOTE
     'LazyData' is specified without a 'data' directory
Flavors: r-devel-linux-x86_64-debian-clang, r-devel-linux-x86_64-debian-gcc, r-devel-linux-x86_64-fedora-clang, r-devel-linux-x86_64-fedora-gcc, r-devel-windows-x86_64-new-UL, r-devel-windows-x86_64-new-TK, r-devel-windows-x86_64-old, r-patched-linux-x86_64, r-patched-solaris-x86, r-release-linux-x86_64, r-release-macos-arm64, r-release-macos-x86_64, r-release-windows-ix86+x86_64