CRAN Package Check Results for Package dissever

Last updated on 2021-10-24 23:51:45 CEST.

Flavor Version Tinstall Tcheck Ttotal Status Flags
r-devel-linux-x86_64-debian-clang 0.2-3 32.44 352.29 384.73 OK
r-devel-linux-x86_64-debian-gcc 0.2-3 26.85 265.45 292.30 OK
r-devel-linux-x86_64-fedora-clang 0.2-3 463.83 OK
r-devel-linux-x86_64-fedora-gcc 0.2-3 451.29 OK
r-devel-windows-x86_64 0.2-3 49.00 389.00 438.00 OK
r-devel-windows-x86_64-gcc10-UCRT 0.2-3 ERROR
r-patched-linux-x86_64 0.2-3 30.77 336.31 367.08 OK
r-patched-solaris-x86 0.2-3 525.70 OK
r-release-linux-x86_64 0.2-3 30.69 334.84 365.53 OK
r-release-macos-arm64 0.2-3 OK
r-release-macos-x86_64 0.2-3 OK
r-release-windows-ix86+x86_64 0.2-3 57.00 387.00 444.00 OK
r-oldrel-macos-x86_64 0.2-3 OK
r-oldrel-windows-ix86+x86_64 0.2-3 44.00 247.00 291.00 OK

Check Details

Version: 0.2-3
Check: PDF version of manual
Result: WARN
    LaTeX errors when creating PDF version.
    This typically indicates Rd problems.
Flavor: r-devel-windows-x86_64-gcc10-UCRT

Version: 0.2-3
Check: PDF version of manual without hyperrefs or index
Result: ERROR
    Re-running with no redirection of stdout/stderr.
Flavor: r-devel-windows-x86_64-gcc10-UCRT