CRAN Package Check Results for Package dispRity

Last updated on 2021-12-02 23:51:04 CET.

Flavor Version Tinstall Tcheck Ttotal Status Flags
r-devel-linux-x86_64-debian-clang 1.6.0 21.65 187.13 208.78 OK
r-devel-linux-x86_64-debian-gcc 1.6.0 19.87 142.40 162.27 OK
r-devel-linux-x86_64-fedora-clang 1.6.0 261.83 NOTE
r-devel-linux-x86_64-fedora-gcc 1.6.0 250.83 OK
r-devel-windows-x86_64-new-UL 1.6.0 48.00 248.00 296.00 OK
r-devel-windows-x86_64-new-TK 1.6.0 OK
r-devel-windows-x86_64-old 1.6.0 36.00 169.00 205.00 OK
r-patched-linux-x86_64 1.6.0 24.89 180.17 205.06 OK
r-patched-solaris-x86 1.6.0 334.50 OK
r-release-linux-x86_64 1.6.0 18.21 181.26 199.47 OK
r-release-macos-arm64 1.6.0 OK
r-release-macos-x86_64 1.6.0 OK
r-release-windows-ix86+x86_64 1.6.0 47.00 311.00 358.00 OK
r-oldrel-macos-x86_64 1.6.0 OK
r-oldrel-windows-ix86+x86_64 1.6.0 49.00 314.00 363.00 OK

Check Details

Version: 1.6.0
Check: Rd cross-references
Result: NOTE
    Undeclared package ‘geomorph’ in Rd xrefs
Flavor: r-devel-linux-x86_64-fedora-clang